{"id":1684,"date":"2024-08-22T10:41:33","date_gmt":"2024-08-22T13:41:33","guid":{"rendered":"https:\/\/citologiala.org\/congreso-SAC-SLAC-2025\/?page_id=1684"},"modified":"2024-08-29T11:48:14","modified_gmt":"2024-08-29T14:48:14","slug":"contacto","status":"publish","type":"page","link":"https:\/\/citologiala.org\/congreso-SAC-SLAC-2025\/contacto\/","title":{"rendered":"Contacto"},"content":{"rendered":"<section class=\"wpb-content-wrapper\"><p>[vc_row][vc_column][vc_column_text]<\/p>\n<h3 style=\"text-align: center;\"><strong><span style=\"font-size: 30px;\">INFORMES E INSCRIPCI\u00d3N AL CONGRESO<\/span><br \/>\n<\/strong><\/h3>\n<p>[\/vc_column_text][\/vc_column][\/vc_row][vc_row][vc_column][vc_column_text]<\/p>\n<div class=\"vc_row wpb_row vc_row-fluid\">\n<div class=\"wpb_column vc_column_container vc_col-sm-12\">\n<div class=\"vc_column-inner\">\n<div class=\"wpb_wrapper\">\n<div class=\"wpb_text_column wpb_content_element \">\n<div class=\"wpb_wrapper\">\n<h3 style=\"text-align: center;\">Para m\u00e1s informaci\u00f3n o consultas sobre el <strong>XXXII Congreso de la Sociedad Latinoamericana de Citopatolog\u00eda<\/strong> y el <strong>XXVI Congreso Argentino de Citolog\u00eda<\/strong>, que se llevar\u00e1 a cabo del 5 al 8 de agosto de 2025, le invitamos a escribirnos por whatsapp al <strong><span style=\"color: #03833d;\"><a href=\"https:\/\/wa.me\/541138305299\" target=\"_blank\" rel=\"noopener\">(+54 11) 3830-5299 <\/a><\/span><\/strong>o enviarnos un mail <a href=\"mailto:sociedadcitologia@gmail.com\"><span style=\"color: #03833d;\"><strong>sociedadcitologia@gmail.com<\/strong><\/span><\/a><\/h3>\n<h3 style=\"text-align: center;\">Nuestra secretaria se pondr\u00e1 en contacto con usted en las pr\u00f3ximas horas para responder a todas sus inquietudes. Desde ya agradecemos enormemente su inter\u00e9s en nuestro evento.<\/h3>\n<\/div>\n<\/div>\n<\/div>\n<\/div>\n<\/div>\n<\/div>\n<p>[\/vc_column_text][\/vc_column][\/vc_row][vc_row css=&#8221;.vc_custom_1724928464698{margin-top: 20px !important;margin-bottom: 20px !important;}&#8221;][vc_column][vc_column_text]<img decoding=\"async\" class=\"aligncenter\" style=\"width: 100px; height: 100px; border-radius: 50%;\" src=\"https:\/\/citologiala.org\/congreso-SAC-SLAC-2025\/wp-content\/uploads\/2024\/08\/logosac.png\" alt=\"logo sac\" \/><\/p>\n<h3 style=\"text-align: center;\"><span style=\"color: #000000;\"><strong>Sociedad Argentina de Citolog\u00eda<\/strong><\/span><\/h3>\n<h3 style=\"text-align: center;\"><span style=\"color: #000000;\">Pasteur 460. 3\u00b0 \u201cD\u201d \u00b7 Ciudad Aut\u00f3noma de Buenos Aires<\/span><\/h3>\n<h3 style=\"text-align: center;\"><span style=\"color: #000000;\"><img loading=\"lazy\" decoding=\"async\" class=\"\" src=\"https:\/\/citologiala.org\/congreso-SAC-SLAC-2025\/wp-content\/uploads\/2024\/08\/LOGOWHATSAPP.png\" width=\"23\" height=\"15\" \/>\u00a0 <strong><span style=\"color: #03833d;\"><a href=\"https:\/\/wa.me\/541138305299\" target=\"_blank\" rel=\"noopener\">(+54 11) 3830-5299\u00a0<\/a><\/span><\/strong><\/span><\/h3>\n<h3 style=\"text-align: center;\"><a href=\"https:\/\/sociedaddecitologia.org.ar\/\"><span style=\"color: #000000;\">sociedaddecitologia.org.ar<\/span><\/a><br \/>\n<a href=\"mailto:sociedadcitologia@gmail.com\"><span style=\"color: #000000;\">sociedadcitologia@gmail.com<\/span><\/a><\/h3>\n<p>[\/vc_column_text][\/vc_column][\/vc_row][vc_row][vc_column][vc_btn title=&#8221;INSCRIPCI\u00d3N AL CONGRESO&#8221; shape=&#8221;round&#8221; color=&#8221;primary&#8221; align=&#8221;center&#8221; link=&#8221;url:https%3A%2F%2Fcitologiala.org%2Fcongreso-SAC-SLAC-2025%2Finscripcion-congreso%2F&#8221;][\/vc_column][\/vc_row]<\/p>\n<\/section>","protected":false},"excerpt":{"rendered":"<p>[vc_row][vc_column][vc_column_text] INFORMES E INSCRIPCI\u00d3N AL CONGRESO [\/vc_column_text][\/vc_column][\/vc_row][vc_row][vc_column][vc_column_text] Para m\u00e1s informaci\u00f3n o consultas sobre el XXXII Congreso de la Sociedad Latinoamericana de Citopatolog\u00eda y el XXVI Congreso Argentino de Citolog\u00eda, que &#8230;<\/p>\n","protected":false},"author":2,"featured_media":0,"parent":0,"menu_order":0,"comment_status":"closed","ping_status":"closed","template":"","meta":{"footnotes":""},"class_list":["post-1684","page","type-page","status-publish","hentry"],"_links":{"self":[{"href":"https:\/\/citologiala.org\/congreso-SAC-SLAC-2025\/wp-json\/wp\/v2\/pages\/1684","targetHints":{"allow":["GET"]}}],"collection":[{"href":"https:\/\/citologiala.org\/congreso-SAC-SLAC-2025\/wp-json\/wp\/v2\/pages"}],"about":[{"href":"https:\/\/citologiala.org\/congreso-SAC-SLAC-2025\/wp-json\/wp\/v2\/types\/page"}],"author":[{"embeddable":true,"href":"https:\/\/citologiala.org\/congreso-SAC-SLAC-2025\/wp-json\/wp\/v2\/users\/2"}],"replies":[{"embeddable":true,"href":"https:\/\/citologiala.org\/congreso-SAC-SLAC-2025\/wp-json\/wp\/v2\/comments?post=1684"}],"version-history":[{"count":20,"href":"https:\/\/citologiala.org\/congreso-SAC-SLAC-2025\/wp-json\/wp\/v2\/pages\/1684\/revisions"}],"predecessor-version":[{"id":2393,"href":"https:\/\/citologiala.org\/congreso-SAC-SLAC-2025\/wp-json\/wp\/v2\/pages\/1684\/revisions\/2393"}],"wp:attachment":[{"href":"https:\/\/citologiala.org\/congreso-SAC-SLAC-2025\/wp-json\/wp\/v2\/media?parent=1684"}],"curies":[{"name":"wp","href":"https:\/\/api.w.org\/{rel}","templated":true}]}}