{"id":2159,"date":"2024-08-28T09:54:01","date_gmt":"2024-08-28T12:54:01","guid":{"rendered":"https:\/\/citologiala.org\/congreso-SAC-SLAC-2025\/?page_id=2159"},"modified":"2025-07-06T16:54:51","modified_gmt":"2025-07-06T19:54:51","slug":"examen-iac","status":"publish","type":"page","link":"https:\/\/citologiala.org\/congreso-SAC-SLAC-2025\/examen-iac\/","title":{"rendered":"Examen IAC"},"content":{"rendered":"<section class=\"wpb-content-wrapper\"><p>[vc_row gap=&#8221;15&#8243; css=&#8221;.vc_custom_1724903789416{background-image: url(https:\/\/citologiala.org\/congreso-SAC-SLAC-2025\/wp-content\/uploads\/2024\/08\/Encabezado-Pagina-WEB.png?id=2267)!important;background-position: center !important;background-repeat: no-repeat !important;background-size: contain !important;border-radius: 5px !important;}&#8221;][vc_column][vc_column_text]<\/p>\n<p style=\"text-align: right;\"><span style=\"color: #616161;\"><span style=\"font-size: 36px;\"><strong>\u00a0<\/strong><\/span><\/span><\/p>\n<p>[\/vc_column_text][\/vc_column][\/vc_row][vc_row][vc_column]<\/p>\n<p style=\"text-align: left;\"><span style=\"color: #3c3b3b;\"><span style=\"font-size: 30px;\"><strong><span style=\"color: #000000;\">Examen de la Academia Internacional de Citolog\u00eda (IAC)<\/span> <\/strong><\/span><\/span><\/p>\n<h3><span style=\"color: #000000;\"><strong>Se llevar\u00e1 a cabo el d\u00eda 9 de Agosto de 2025 a las 9:00 hs (Arg) en el <\/strong><strong>Hotel NH Buenos Aires City sito en la calle Bolivar 160, Ciudad Aut\u00f3noma de Buenos Aires. Argentina.<\/strong><\/span><\/h3>\n<p>&nbsp;<\/p>\n<h3 style=\"text-align: left;\"><span style=\"color: #616161;\"><span style=\"font-size: 18px;\"><span style=\"color: #000000;\"><strong>Toda la informaci\u00f3n se encuentra en la p\u00e1gina web de la Academia Internacional de Citolog\u00eda:<\/strong> <\/span><a href=\"https:\/\/www.cytology-iac.org\/\"><span style=\"color: #039be5;\"> https:\/\/www.cytology-iac.org\/<\/span> <\/a><\/span><\/span><\/h3>\n<h3 style=\"text-align: left;\"><span style=\"color: #616161;\"><span style=\"font-size: 18px;\"><span style=\"color: #000000;\"><strong>Para Citotecn\u00f3logos:<\/strong><\/span> <a href=\"https:\/\/www.cytology-iac.org\/\"><span style=\"color: #039be5;\"> https:\/\/www.cytology-iac.org\/cytotechnologists\/ct-exam-application\/<\/span> <\/a><\/span><\/span><\/h3>\n<h3 style=\"text-align: left;\"><span style=\"color: #616161;\"><span style=\"font-size: 18px;\"><strong><span style=\"color: #000000;\">Hacer una prueba del examen:<\/span><\/strong> <a href=\"https:\/\/www.cytology-iac.org\/\"><span style=\"color: #039be5;\"> https:\/\/www.cytology-iac.org\/iac-mock-exams-have-a-go-at-the-new-digital-format\/<\/span> <\/a><\/span><\/span><\/h3>\n<p style=\"text-align: right;\"><span style=\"color: #000000;\"><strong><span style=\"font-size: 15px;\">\u00a0<\/span><\/strong><\/span><\/p>\n<h3 style=\"text-align: left;\"><span style=\"color: #000000;\"><span style=\"font-size: 18px;\"><strong>Para m\u00e1s informaci\u00f3n visualice el video a continuaci\u00f3n:<\/strong> <\/span><\/span><\/h3>\n<style>\n<p>.hytPlayerWrap {<br \/>position: relative;<br \/>}<\/p>\n<p>.hytPlayerWrap.ended::after {<br \/>content: \"\";<br \/>position: absolute;<br \/>top: 0;<br \/>left: 0;<br \/>bottom: 0;<br \/>right: 0;<br \/>cursor: pointer;<br \/>background-color: black;<br \/>background-repeat: no-repeat;<br \/>background-position: center;<br \/>background-size: 128px 128px;<br \/>background-image: url(\"https:\/\/cdn1.iconfinder.com\/data\/icons\/pointed-edge-web-navigation\/107\/redo-512.png\");<br \/>}<\/p>\n<p>.hytPlayerWrap.paused::after {<br \/>content: \"\";<br \/>position: absolute;<br \/>top: 0;<br \/>left: 0;<br \/>bottom: 0;<br \/>right: 0;<br \/>width: calc(100%);<br \/>cursor: pointer;<br \/>background-color: black;<br \/>background-repeat: no-repeat;<br \/>background-position: center;<br \/>background-size: 128px 128px;<br \/>background-image: url(\"https:\/\/i.ya-webdesign.com\/images\/play-button-png-16.png\");<br \/>}<\/p>\n<\/style>\n<div class=\"hytPlayerWrapOuter\">\n<div class=\"hytPlayerWrap video-placement\"><iframe loading=\"lazy\" class=\"youtube\" src=\"https:\/\/www.youtube.com\/embed\/_z3H5EN6MgI?rel=0&amp;enablejsapi=1\" width=\"800px\" height=\"400px\" frameborder=\"0\"><\/iframe><\/div>\n<\/div>\n<p><script>\n\"use strict\";\ndocument.addEventListener('DOMContentLoaded', function() {\n\/\/ Activate only if not already activated\nif (window.hideYTActivated) return;\n\/\/ Activate on all players\nlet onYouTubeIframeAPIReadyCallbacks = [];\nfor (let playerWrap of document.querySelectorAll(\".hytPlayerWrap\")) {\nlet playerFrame = playerWrap.querySelector(\"iframe\");<\/p>\n<p>let tag = document.createElement('script');\ntag.src = \"https:\/\/www.youtube.com\/iframe_api\";\nlet firstScriptTag = document.getElementsByTagName('script')[0];\nfirstScriptTag.parentNode.insertBefore(tag, firstScriptTag);<\/p>\n<p>let onPlayerStateChange = function(event) {\nif (event.data == YT.PlayerState.ENDED) {\nplayerWrap.classList.add(\"ended\");\n} else if (event.data == YT.PlayerState.PAUSED) {\nplayerWrap.classList.add(\"paused\");\n} else if (event.data == YT.PlayerState.PLAYING) {\nplayerWrap.classList.remove(\"ended\");\nplayerWrap.classList.remove(\"paused\");\n}\n};<\/p>\n<p>let player;\nonYouTubeIframeAPIReadyCallbacks.push(function() {\nplayer = new YT.Player(playerFrame, {\nevents: {\n'onStateChange': onPlayerStateChange\n}\n});\n});<\/p>\n<p>playerWrap.addEventListener(\"click\", function() {\nlet playerState = player.getPlayerState();\nif (playerState == YT.PlayerState.ENDED) {\nplayer.seekTo(0);\n} else if (playerState == YT.PlayerState.PAUSED) {\nplayer.playVideo();\n}\n});\n}<\/p>\n<p>window.onYouTubeIframeAPIReady = function() {\nfor (let callback of onYouTubeIframeAPIReadyCallbacks) {\ncallback();\n}\n};<\/p>\n<p>window.hideYTActivated = true;\n});\n<\/script><\/p>\n<\/section>","protected":false},"excerpt":{"rendered":"<p>[vc_row gap=&#8221;15&#8243; css=&#8221;.vc_custom_1724903789416{background-image: url(https:\/\/citologiala.org\/congreso-SAC-SLAC-2025\/wp-content\/uploads\/2024\/08\/Encabezado-Pagina-WEB.png?id=2267)!important;background-position: center !important;background-repeat: no-repeat !important;background-size: contain !important;border-radius: 5px !important;}&#8221;][vc_column][vc_column_text] \u00a0 [\/vc_column_text][\/vc_column][\/vc_row][vc_row][vc_column] Examen de la Academia Internacional de Citolog\u00eda (IAC) Se llevar\u00e1 a cabo el d\u00eda 9 de &#8230;<\/p>\n","protected":false},"author":2,"featured_media":0,"parent":0,"menu_order":0,"comment_status":"closed","ping_status":"closed","template":"","meta":{"footnotes":""},"class_list":["post-2159","page","type-page","status-publish","hentry"],"_links":{"self":[{"href":"https:\/\/citologiala.org\/congreso-SAC-SLAC-2025\/wp-json\/wp\/v2\/pages\/2159","targetHints":{"allow":["GET"]}}],"collection":[{"href":"https:\/\/citologiala.org\/congreso-SAC-SLAC-2025\/wp-json\/wp\/v2\/pages"}],"about":[{"href":"https:\/\/citologiala.org\/congreso-SAC-SLAC-2025\/wp-json\/wp\/v2\/types\/page"}],"author":[{"embeddable":true,"href":"https:\/\/citologiala.org\/congreso-SAC-SLAC-2025\/wp-json\/wp\/v2\/users\/2"}],"replies":[{"embeddable":true,"href":"https:\/\/citologiala.org\/congreso-SAC-SLAC-2025\/wp-json\/wp\/v2\/comments?post=2159"}],"version-history":[{"count":15,"href":"https:\/\/citologiala.org\/congreso-SAC-SLAC-2025\/wp-json\/wp\/v2\/pages\/2159\/revisions"}],"predecessor-version":[{"id":2757,"href":"https:\/\/citologiala.org\/congreso-SAC-SLAC-2025\/wp-json\/wp\/v2\/pages\/2159\/revisions\/2757"}],"wp:attachment":[{"href":"https:\/\/citologiala.org\/congreso-SAC-SLAC-2025\/wp-json\/wp\/v2\/media?parent=2159"}],"curies":[{"name":"wp","href":"https:\/\/api.w.org\/{rel}","templated":true}]}}