{"id":2396,"date":"2024-08-30T00:02:45","date_gmt":"2024-08-30T03:02:45","guid":{"rendered":"https:\/\/citologiala.org\/congreso-SAC-SLAC-2025\/?page_id=2396"},"modified":"2025-07-13T10:04:30","modified_gmt":"2025-07-13T13:04:30","slug":"inscripcion-talleres","status":"publish","type":"page","link":"https:\/\/citologiala.org\/congreso-SAC-SLAC-2025\/inscripcion-talleres\/","title":{"rendered":"Inscripci\u00f3n a los Talleres"},"content":{"rendered":"<section class=\"wpb-content-wrapper\"><p>[vc_row full_width=&#8221;stretch_row&#8221; css=&#8221;.vc_custom_1725017284819{background-image: url(https:\/\/citologiala.org\/congreso-SAC-SLAC-2025\/wp-content\/uploads\/2024\/08\/Sin-titulo-960-x-240-px3.png?id=2084) !important;background-position: center !important;background-repeat: no-repeat !important;background-size: cover !important;}&#8221;][vc_column][vc_column_text]<\/p>\n<p style=\"text-align: center;\"><span style=\"color: #d9d9d9;\"><span style=\"font-size: 36px;\"><strong>INSCRIPCI\u00d3N A LOS TALLERES<\/strong><\/span><\/span><\/p>\n<p>[\/vc_column_text][\/vc_column][\/vc_row][vc_row css=&#8221;.vc_custom_1725024950783{margin-top: 15px !important;margin-bottom: 10px !important;background-color: #f9f9f9 !important;border-radius: 10px !important;}&#8221;][vc_column][vc_column_text]<\/p>\n<h4 style=\"text-align: left;\"><span style=\"color: #ff9900;\"><strong>NUEVA FECHA L\u00cdMITE DE INSCRIPCI\u00d3N PARA AMBOS TALLERES: <\/strong>25 DE JULIO DE 2025<\/span><\/h4>\n<p style=\"text-align: left;\"><span style=\"color: #000000;\"><strong><br \/>\nARANCELES para quienes residan tanto en Argentina como en el extranjero:<\/strong><\/span><\/p>\n<p>&nbsp;<\/p>\n<ol>\n<li><span style=\"color: #000000;\"><span style=\"color: #000000;\"><span style=\"color: #000000;\"><strong>Taller de Im\u00e1genes de Ginecopatolog\u00eda:<br \/>\n<\/strong><strong>Socio SAC\/SLAC<\/strong>: USD 25.- (\u00fanico arancel en un solo pago).<br \/>\n<strong>NO socio SAC\/SLAC<\/strong>: USD 50.- (\u00fanico arancel en un solo pago).<\/span><\/span><\/span><\/li>\n<li><span style=\"color: #000000;\"><span style=\"color: #000000;\"><span style=\"color: #000000;\"><strong>Taller de Citolog\u00eda Intervencionista<\/strong>:<br \/>\n<strong>Socio SAC\/SLAC<\/strong>: USD 50.- (\u00fanico arancel en un solo pago).<br \/>\n<strong>NO socio SAC\/SLAC<\/strong>: USD 100.- (\u00fanico arancel en un solo pago).<\/span><\/span><\/span><\/li>\n<\/ol>\n<p>&nbsp;<\/p>\n<p><span style=\"color: #03833d;\"><strong>FORMAS DE PAGO PARA QUIENES RESIDAN EN ARGENTINA:<\/strong><\/span><\/p>\n<p><span style=\"color: #000000;\"><strong>1. TRANSFERENCIA o Dep\u00f3sito en Cuenta Corriente<\/strong> (Solo se aceptan transferencias realizadas desde Argentina)<\/span><\/p>\n<p><span style=\"color: #000000;\">DATOS CUENTA BANCARIA<\/span><\/p>\n<p><span style=\"color: #000000;\">Cuenta corriente en pesos argentinos<\/span><br \/>\n<span style=\"color: #000000;\">Banco Macro Sucursal Av. C\u00f3rdoba<\/span><br \/>\n<span style=\"color: #000000;\">Cuenta corriente 353609410114710<\/span><br \/>\n<span style=\"color: #000000;\">CBU 2850536-7 3009410114710-1<\/span><br \/>\n<span style=\"color: #000000;\">ALIAS: CITOLOGIA.SAC<\/span><br \/>\n<span style=\"color: #000000;\">CUIT: 30-65176821-3<\/span><\/p>\n<p><span style=\"color: #000000;\"><strong>2. TARJETA DE CR\u00c9DITO (Visa o Mastercard)<\/strong><\/span><br \/>\n<span style=\"color: #000000;\">Socios SAC, por favor completar en la ficha de inscripci\u00f3n la tarjeta con la que se le debita la cuota societaria.<\/span><\/p>\n<p><span style=\"color: #000000;\"><strong>3. LINK DE PAGO<\/strong><\/span><br \/>\n<span style=\"color: #000000;\">Hemos incorporado como forma de pago un link que les permitir\u00e1 abonar con tarjeta de d\u00e9bito o cr\u00e9dito en un solo pago.<\/span><\/p>\n<p>&nbsp;<\/p>\n<p><span style=\"color: #03833d;\"><strong>FORMAS DE PAGO PARA QUIENES RESIDAN EN EL EXTRANJERO:<\/strong><\/span><\/p>\n<p><span style=\"color: #000000;\">\u2022 <strong>LINK DE PAGO<\/strong> (Como \u00fanica modalidad) <\/span><br \/>\n<span style=\"color: #000000;\">Hemos incorporado como forma de pago un link que les permitir\u00e1 abonar con tarjeta de cr\u00e9dito en un solo pago, desde su lugar de residencia.<\/span><\/p>\n<p>&nbsp;<\/p>\n<p><span style=\"color: #03833d;\"><strong>POL\u00cdTICAS DE CANCELACI\u00d3N<\/strong><\/span><br \/>\n<span style=\"color: #000000;\">Si desea cancelar su inscripci\u00f3n debe enviar un correo a: sociedadcitologia@gmail.com<\/span><br \/>\n<span style=\"color: #000000;\">Las inscripciones podr\u00e1n ser canceladas antes del 02 de junio 2025.<\/span><br \/>\n<span style=\"color: #000000;\">Los importes se reembolsar\u00e1n con un 20% menos, en concepto de gastos administrativos.<\/span><br \/>\n<span style=\"color: #000000;\">IMPORTANTE: Los reembolsos se realizar\u00e1n 30 d\u00edas posteriores a la finalizaci\u00f3n del congreso.<\/span><br \/>\n<span style=\"color: #000000;\">No se realizar\u00e1n devoluciones por inscripciones recibidas a partir del 03 de junio de 2025.<\/span>[\/vc_column_text][\/vc_column][\/vc_row][vc_row css=&#8221;.vc_custom_1725025249421{margin-top: 10px !important;margin-bottom: 15px !important;background-color: #f9f9f9 !important;border-radius: 10px !important;}&#8221;][vc_column][vc_column_text]<img loading=\"lazy\" decoding=\"async\" class=\"wp-image-2222 alignleft\" src=\"https:\/\/citologiala.org\/congreso-SAC-SLAC-2025\/wp-content\/uploads\/2024\/08\/Pay-Fondo-Gris.png\" alt=\"\" width=\"145\" height=\"145\" srcset=\"https:\/\/citologiala.org\/congreso-SAC-SLAC-2025\/wp-content\/uploads\/2024\/08\/Pay-Fondo-Gris.png 275w, https:\/\/citologiala.org\/congreso-SAC-SLAC-2025\/wp-content\/uploads\/2024\/08\/Pay-Fondo-Gris-150x150.png 150w\" sizes=\"auto, (max-width: 145px) 100vw, 145px\" \/><strong><span style=\"color: #000000;\">Para abonar como SOCIO es necesario asociarse antes del 01\/01\/2025.<\/span><\/strong><\/p>\n<p><span style=\"color: #000000;\">Si <strong>NO<\/strong> sos socio <strong>SAC o SLAC<\/strong> y quer\u00e9s obtener la bonificaci\u00f3n en la inscripci\u00f3n al congreso como socio de la <strong>Sociedad Argentina de Citolog\u00eda (SAC)<\/strong> consult\u00e1 el siguiente link con los requisitos para asociarte: <a style=\"color: #000000;\" href=\"https:\/\/sociedaddecitologia.org.ar\/asociarte-2\/\"><strong><span style=\"color: #3366ff;\">https:\/\/sociedaddecitologia.org.ar\/asociarte-2\/<\/span><\/strong><\/a><\/span><\/p>\n<p><span style=\"color: #000000;\">Si <strong>NO <\/strong>sos socio <strong>SAC o SLAC<\/strong> y quer\u00e9s obtener la bonificaci\u00f3n en la inscripci\u00f3n al congreso como socio de la <strong>Sociedad Latinoamericana de Citopatolog\u00eda<\/strong> <strong>(SLAC)<\/strong> consult\u00e1 el siguiente link con los requisitos para asociarte: <a style=\"color: #000000;\" href=\"https:\/\/citologiala.org\/registro\/\"><strong><span style=\"color: #3366ff;\">https:\/\/citologiala.org\/registro\/<\/span><\/strong><\/a><\/span>[\/vc_column_text][\/vc_column][\/vc_row][vc_row][vc_column][vc_text_separator title=&#8221;COMPLETE LA FICHA DE INSCRIPCI\u00d3N AQU\u00cd&#8221;][\/vc_column][\/vc_row][vc_row][vc_column][vc_btn title=&#8221;FICHA DE INSCRIPCI\u00d3N&#8221; shape=&#8221;round&#8221; color=&#8221;primary&#8221; align=&#8221;center&#8221; link=&#8221;url:https%3A%2F%2Fdocs.google.com%2Fforms%2Fd%2Fe%2F1FAIpQLSdVQqr3EDSPYso7S9mf7HsWy8_3ouWEtQcYD8fYzzXY-kcjxQ%2Fviewform|target:_blank&#8221;][\/vc_column][\/vc_row]<\/p>\n<\/section>","protected":false},"excerpt":{"rendered":"<p>[vc_row full_width=&#8221;stretch_row&#8221; css=&#8221;.vc_custom_1725017284819{background-image: url(https:\/\/citologiala.org\/congreso-SAC-SLAC-2025\/wp-content\/uploads\/2024\/08\/Sin-titulo-960-x-240-px3.png?id=2084) !important;background-position: center !important;background-repeat: no-repeat !important;background-size: cover !important;}&#8221;][vc_column][vc_column_text] INSCRIPCI\u00d3N A LOS TALLERES [\/vc_column_text][\/vc_column][\/vc_row][vc_row css=&#8221;.vc_custom_1725024950783{margin-top: 15px !important;margin-bottom: 10px !important;background-color: #f9f9f9 !important;border-radius: 10px !important;}&#8221;][vc_column][vc_column_text] NUEVA FECHA L\u00cdMITE DE INSCRIPCI\u00d3N &#8230;<\/p>\n","protected":false},"author":2,"featured_media":0,"parent":0,"menu_order":0,"comment_status":"closed","ping_status":"closed","template":"","meta":{"footnotes":""},"class_list":["post-2396","page","type-page","status-publish","hentry"],"_links":{"self":[{"href":"https:\/\/citologiala.org\/congreso-SAC-SLAC-2025\/wp-json\/wp\/v2\/pages\/2396","targetHints":{"allow":["GET"]}}],"collection":[{"href":"https:\/\/citologiala.org\/congreso-SAC-SLAC-2025\/wp-json\/wp\/v2\/pages"}],"about":[{"href":"https:\/\/citologiala.org\/congreso-SAC-SLAC-2025\/wp-json\/wp\/v2\/types\/page"}],"author":[{"embeddable":true,"href":"https:\/\/citologiala.org\/congreso-SAC-SLAC-2025\/wp-json\/wp\/v2\/users\/2"}],"replies":[{"embeddable":true,"href":"https:\/\/citologiala.org\/congreso-SAC-SLAC-2025\/wp-json\/wp\/v2\/comments?post=2396"}],"version-history":[{"count":33,"href":"https:\/\/citologiala.org\/congreso-SAC-SLAC-2025\/wp-json\/wp\/v2\/pages\/2396\/revisions"}],"predecessor-version":[{"id":2773,"href":"https:\/\/citologiala.org\/congreso-SAC-SLAC-2025\/wp-json\/wp\/v2\/pages\/2396\/revisions\/2773"}],"wp:attachment":[{"href":"https:\/\/citologiala.org\/congreso-SAC-SLAC-2025\/wp-json\/wp\/v2\/media?parent=2396"}],"curies":[{"name":"wp","href":"https:\/\/api.w.org\/{rel}","templated":true}]}}